ded by 45.
43
What is the remainder when 2404 is divided by 610?
574
Calculate the remainder when 2871748 is divided by 70.
68
What is the remainder when 2869053 is divided by 64?
61
What is the remainder when 7554 is divided by 218?
142
What is the remainder when 96823 is divided by 26?
25
What is the remainder when 2729 is divided by 2716?
13
What is the remainder when 1243 is divided by 184?
139
What is the remainder when 178934 is divided by 1584?
1526
Calculate the remainder when 211587 is divided by 463.
459
Calculate the remainder when 25352 is divided by 44.
8
Calculate the remainder when 237130 is divided by 2470.
10
Calculate the remainder when 50847 is divided by 141.
87
What is the remainder when 130209 is divided by 5?
4
What is the remainder when 27050 is divided by 2249?
62
Calculate the remainder when 405261 is divided by 169.
168
What is the remainder when 3250 is divided by 791?
86
Calculate the remainder when 5230090 is divided by 399.
397
Calculate the remainder when 15637 is divided by 63.
13
What is the remainder when 102798 is divided by 14?
10
What is the remainder when 20207 is divided by 6716?
59
What is the remainder when 11895 is divided by 384?
375
Calculate the remainder when 103702 is divided by 232.
230
Calculate the remainder when 21016 is divided by 6877.
385
Calculate the remainder when 731 is divided by 209.
104
What is the remainder when 464625 is divided by 25?
0
What is the remainder when 197151 is divided by 38?
7
Calculate the remainder when 26609 is divided by 26521.
88
Calculate the remainder when 815384 is divided by 335.
329
What is the remainder when 5786 is divided by 487?
429
What is the remainder when 595542 is divided by 604?
602
Calculate the remainder when 4610 is divided by 563.
106
Calculate the remainder when 162710 is divided by 28.
2
What is the remainder when 193369 is divided by 122?
121
What is the remainder when 3768 is divided by 17?
11
What is the remainder when 146051 is divided by 408?
395
Calculate the remainder when 5248 is divided by 70.
68
What is the remainder when 9511 is divided by 173?
169
Calculate the remainder when 35909 is divided by 27.
26
What is the remainder when 50070 is divided by 25031?
8
What is the remainder when 23019 is divided by 121?
29
What is the remainder when 11924 is divided by 917?
3
Calculate the remainder when 928 is divided by 316.
296
What is the remainder when 3390 is divided by 816?
126
What is the remainder when 12769 is divided by 675?
619
What is the remainder when 30040 is divided by 889?
703
Calculate the remainder when 4122 is divided by 385.
272
Calculate the remainder when 229932 is divided by 92.
24
What is the remainder when 1977 is divided by 135?
87
What is the remainder when 4208 is divided by 57?
47
What is the remainder when 927 is divided by 31?
28
Calculate the remainder when 88075 is divided by 908.
907
Calculate the remainder when 73156 is divided by 850.
56
What is the remainder when 2768 is divided by 34?
14
Calculate the remainder when 7288 is divided by 373.
201
Calculate the remainder when 19151 is divided by 9427.
297
Calculate the remainder when 4613 is divided by 921.
8
What is the remainder when 207 is divided by 147?
60
What is the remainder when 128079 is divided by 16?
15
Calculate the remainder when 6866 is divided by 1694.
90
What is the remainder when 2625 is divided by 649?
29
Calculate the remainder when 25445 is divided by 2313.
2
Calculate the remainder when 1539 is divided by 773.
766
What is the remainder when 3378 is divided by 102?
12
Calculate the remainder when 23300 is divided by 45.
35
Calculate the remainder when 12287 is divided by 4087.
26
What is the remainder when 6717 is divided by 81?
75
What is the remainder when 100302 is divided by 222?
180
What is the remainder when 14829 is divided by 412?
409
What is the remainder when 2845 is divided by 833?
346
Calculate the remainder when 5502 is divided by 32.
30
Calculate the remainder when 21935 is divided by 5.
0
Calculate the remainder when 3210 is divided by 265.
30
Calculate the remainder when 161648 is divided by 61.
59
Calculate the remainder when 42755 is divided by 76.
43
Calculate the remainder when 67157 is divided by 365.
362
Calculate the remainder when 13693 is divided by 342.
13
What is the remainder when 6969 is divided by 36?
21
What is the remainder when 6172060 is divided by 78?
76
What is the remainder when 32119 is divided by 129?
127
Calculate the remainder when 40 is divided by 17.
6
Calculate the remainder when 3218 is divided by 3187.
31
Calculate the remainder when 1312 is divided by 649.
14
Calculate the remainder when 222605 is divided by 166.
165
What is the remainder when 5835 is divided by 524?
71
What is the remainder when 11476 is divided by 146?
88
Calculate the remainder when 7666 is divided by 152.
66
What is the remainder when 15322 is divided by 3059?
27
Calculate the remainder when 30667 is divided by 697.
696
Calculate the remainder when 6957 is divided by 9.
0
Calculate the remainder when 22514 is divided by 84.
2
What is the remainder when 134566 is divided by 3957?
28
Calculate the remainder when 237179 is divided by 402.
401
What is the remainder when 48891 is divided by 6982?
17
Calculate the remainder when 1971 is divided by 649.
24
Calculate the remainder when 29588 is divided by 233.
230
What is the remainder when 15214 is divided by 7604?
6
What is the remainder when 28572 is divided by 254?
124
What is the remainder when 47526 is divided by 47397?
129
What is the remainder when 290419 is divided by 3?
1
What is the remainder when 4670 is divided by 73?
71
What is the remainder when 6656 is divided by 27?
14
Calculate the remainder when 1341 is divided by 231.
186
What is the remainder when 13879 is divided by 249?
184
Calculate the remainder when 343030 is divided by 1356.
1318
What is the remainder when 90195 is divided by 110?
105
Calculate the remainder when 32415 is divided by 84.
75
Calculate the remainder when 78298 is divided by 371.
17
Calculate the remainder when 2526 is divided by 841.
3
Calculate the remainder when 5399 is divided by 531.
89
Calculate the remainder when 84358 is divided by 222.
220
What is the remainder when 3043914 is divided by 760976?
10
What is the remainder when 1489438 is divided by 107?
105
Calculate the remainder when 11979 is divided by 1480.
139
Calculate the remainder when 1105 is divided by 891.
214
What is the remainder when 4305 is divided by 703?
87
Calculate the remainder when 13744 is divided by 27.
1
What is the remainder when 85991 is divided by 38?
35
What is the remainder when 791 is divided by 591?
200
Calculate the remainder when 43510 is divided by 506.
500
What is the remainder when 68417 is divided by 9?
8
What is the remainder when 9689 is divided by 9676?
13
What is the remainder when 4509951 is divided by 64?
63
What is the remainder when 280649 is divided by 75?
74
Calculate the remainder when 129275 is divided by 10.
5
Calculate the remainder when 4048 is divided by 74.
52
What is the remainder when 90791 is divided by 1068?
11
Calculate the remainder when 2139 is divided by 524.
43
Calculate the remainder when 1919230 is divided by 32.
30
Calculate the remainder when 8734 is divided by 1180.
474
Calculate the remainder when 11076 is divided by 1581.
9
Calculate the remainder when 45369 is divided by 22564.
241
Calculate the remainder when 31005 is divided by 37.
36
Calculate the remainder when 5455 is divided by 156.
151
What is the remainder when 19194 is divided by 3196?
18
What is the remainder when 28090 is divided by 179?
166
Calculate the remainder when 27528 is divided by 175.
53
Calculate the remainder when 65343 is divided by 83.
22
What is the remainder when 4344 is divided by 1063?
92
Calculate the remainder when 218505 is divided by 369.
57
Calculate the remainder when 2467 is divided by 763.
178
Calculate the remainder when 430 is divided by 271.
159
Calculate the remainder when 57295 is divided by 28461.
373
What is the remainder when 297832 is divided by 99277?
1
Calculate the remainder when 1323 is divided by 82.
11
Calculate the remainder when 45957 is divided by 70.
37
What is the remainder when 8599 is divided by 17